t is the units digit of 5350835?
5
What is the ten millions digit of 18509475?
1
What is the hundreds digit of 24934880?
8
What is the hundred thousands digit of 5683030?
6
What is the units digit of 903789?
9
What is the hundred thousands digit of 7322749?
3
What is the hundreds digit of 200339?
3
What is the thousands digit of 6620404?
0
What is the hundred thousands digit of 196855?
1
What is the tens digit of 1667056?
5
What is the thousands digit of 2437242?
7
What is the hundreds digit of 13961594?
5
What is the thousands digit of 9383563?
3
What is the millions digit of 6355952?
6
What is the ten thousands digit of 4384757?
8
What is the ten thousands digit of 396553?
9
What is the hundreds digit of 264929?
9
What is the hundreds digit of 21140?
1
What is the units digit of 2801115?
5
What is the millions digit of 6076661?
6
What is the thousands digit of 732844?
2
What is the hundred thousands digit of 11947479?
9
What is the units digit of 4526381?
1
What is the units digit of 10097019?
9
What is the hundred thousands digit of 201477?
2
What is the hundreds digit of 375787?
7
What is the units digit of 14947900?
0
What is the hundred thousands digit of 1157531?
1
What is the thousands digit of 596344?
6
What is the millions digit of 15843674?
5
What is the thousands digit of 10567992?
7
What is the tens digit of 492219?
1
What is the tens digit of 8870628?
2
What is the hundreds digit of 1576913?
9
What is the tens digit of 10199775?
7
What is the hundreds digit of 385982?
9
What is the hundreds digit of 100841?
8
What is the hundred thousands digit of 709630?
7
What is the hundred thousands digit of 4250894?
2
What is the tens digit of 18854009?
0
What is the ten thousands digit of 1092274?
9
What is the millions digit of 2155162?
2
What is the hundreds digit of 678355?
3
What is the millions digit of 7997756?
7
What is the hundreds digit of 48166?
1
What is the tens digit of 73255?
5
What is the tens digit of 132404?
0
What is the thousands digit of 3284276?
4
What is the thousands digit of 2768356?
8
What is the ten thousands digit of 198593?
9
What is the hundreds digit of 161137?
1
What is the hundred thousands digit of 23319781?
3
What is the units digit of 5139085?
5
What is the hundred thousands digit of 272471?
2
What is the hundreds digit of 239212?
2
What is the units digit of 171695?
5
What is the tens digit of 4511243?
4
What is the hundred thousands digit of 3356414?
3
What is the millions digit of 6022575?
6
What is the hundred thousands digit of 2083506?
0
What is the tens digit of 263175?
7
What is the thousands digit of 212630?
2
What is the hundreds digit of 966334?
3
What is the hundred thousands digit of 5925718?
9
What is the hundreds digit of 306583?
5
What is the units digit of 221478?
8
What is the thousands digit of 1243188?
3
What is the hundreds digit of 895651?
6
What is the tens digit of 725822?
2
What is the thousands digit of 20291172?
1
What is the units digit of 11693739?
9
What is the hundred thousands digit of 7285246?
2
What is the ten thousands digit of 22903859?
0
What is the ten millions digit of 30709539?
3
What is the tens digit of 30904310?
1
What is the hundred thousands digit of 1378519?
3
What is the hundred thousands digit of 276590?
2
What is the thousands digit of 17304406?
4
What is the tens digit of 17592284?
8
What is the thousands digit of 943185?
3
What is the thousands digit of 176420?
6
What is the hundred thousands digit of 2628389?
6
What is the hundred thousands digit of 15465494?
4
What is the units digit of 4231017?
7
What is the hundreds digit of 341021?
0
What is the thousands digit of 260911?
0
What is the hundreds digit of 465768?
7
What is the ten thousands digit of 6416258?
1
What is the ten thousands digit of 536255?
3
What is the ten millions digit of 12523228?
1
What is the hundred thousands digit of 1014464?
0
What is the ten thousands digit of 60030?
6
What is the hundreds digit of 5046189?
1
What is the units digit of 1177434?
4
What is the tens digit of 6731?
3
What is the tens digit of 4196786?
8
What is the thousands digit of 74816?
4
What is the tens digit of 413510?
1
What is the thousands digit of 402426?
2
What is the hundred thousands digit of 13854288?
8
What is the units digit of 1060022?
2
What is the tens digit of 548473?
7
What is the ten thousands digit of 534042?
3
What is the hundred thousands digit of 3247300?
2
What is the millions digit of 28055922?
8
What is the thousands digit of 707676?
7
What is the hundred thousands digit of 478107?
4
What is the millions digit of 1425163?
1
What is the thousands digit of 247494?
7
What is the thousands digit of 15293706?
3
What is the tens digit of 179910?
1
What is the ten thousands digit of 2000355?
0
What is the thousands digit of 163656?
3
What is the hundred thousands digit of 2088684?
0
What is the ten thousands digit of 518612?
1
What is the units digit of 14820069?
9
What is the thousands digit of 430676?
0
What is the thousands digit of 312804?
2
What is the millions digit of 1454585?
1
What is the millions digit of 4180662?
4
What is the ten thousands digit of 681983?
8
What is the ten thousands digit of 418140?
1
What is the hundred thousands digit of 930314?
9
What is the hundreds digit of 1607707?
7
What is the units digit of 488027?
7
What is the tens digit of 7258091?
9
What is the thousands digit of 403186?
3
What is the hundred thousands digit of 1150624?
1
What is the millions digit of 2999923?
2
What is the units digit of 852983?
3
What is the ten thousands digit of 254462?
5
What is the hundred thousands digit of 6061740?
0
What is the hundred thousands digit of 326492?
3
What is the ten thousands digit of 1790330?
9
What is the tens digit of 513807?
0
What is the thousands digit of 7956090?
6
What is the thousands digit of 4728627?
8
What is the ten thousands digit of 1062206?
6
What is the ten thousands digit of 65418?
6
What is the hundreds digit of 218249?
2
What is the tens digit of 627401?
0
What is the tens digit of 338938?
3
What is the ten thousands digit of 530791?
3
What is the hundred thousands digit of 5276607?
2
What is the units digit of 7475233?
3
What is the units digit of 318710?
0
What is the ten thousands digit of 152631?
5
What is the ten thousands digit of 13113314?
1
What is the thousands digit of 1053804?
3
What is the units digit of 6263069?
9
What is the ten thousands digit of 703947?
0
What is the tens digit of 2070770?
7
What is the millions digit of 1421271?
1
What is the tens digit of 609593?
9
What is the tens digit of 1415612?
1
What is the hundred thousands digit of 482957?
4
What is the tens digit of 919931?
3
What is the thousands digit of 1422789?
2
What is the units digit of 465653?
3
What is the hundred thousands digit of 441773?
4
What is the hundred thousands digit of 1466375?
4
What is the thousands digit of 789745?
9
What is the ten millions digit of 22632841?
2
What is the ten thousands digit of 289129?
8
What is the hundred thousands digit of 3768658?
7
What is the hundred thousands digit of 2023074?
0
What is the units digit of 4100025?
5
What is the tens digit of 102393?
9
What is the units digit of 8574191?
1
What is the units digit of 532053?
3
What is the units digit of 280092?
2
What is the tens digit of 258063?
6
What is the thousands digit of 287970?
7
What is the ten thousands digit of 1043221?
4
What is the units digit of 492425?
5
What is the tens digit of 311093?
9
What is the units digit of 2705582?
2
What is the hundred thousands digit of 482957?
4
What is the tens digit of 1319414?
1
What is the hundreds digit of 1424759?
7
What is the hundred thousands digit of 9285125?
2
What is the tens digit of 200443?
4
What is the ten thousands digit of 926995?
2
What is the millions digit of 14642370?
4
What is the hundreds digit of 2908724?
7
What is the ten thousands digit of 674623?
7
What is the ten thousands digit of 553804?
5
What is the hundreds digit of 2561375?
3
What is the thousands digit of 24858180?
8
What is the tens digit of 271880?
8
What is the hundred thousands digit of 266486?
2
What is the hundreds digit of 4344718?
7
What is the thousands digit of 745500?
5
What is the ten thousands digit of 695690?
9
What is th